he units digit of 29438150?
0
What is the units digit of 48050505?
5
What is the thousands digit of 61357756?
7
What is the hundreds digit of 70997669?
6
What is the hundreds digit of 146301046?
0
What is the millions digit of 378642721?
8
What is the ten thousands digit of 71493343?
9
What is the ten millions digit of 90641981?
9
What is the millions digit of 15648775?
5
What is the tens digit of 550765016?
1
What is the thousands digit of 77454912?
4
What is the ten thousands digit of 6431360?
3
What is the thousands digit of 615206734?
6
What is the hundred thousands digit of 4259684184?
6
What is the ten millions digit of 1853122318?
5
What is the tens digit of 216524110?
1
What is the hundred millions digit of 187641058?
1
What is the hundreds digit of 158825580?
5
What is the hundreds digit of 83211702?
7
What is the ten thousands digit of 13697508?
9
What is the billions digit of 2691422396?
2
What is the tens digit of 941430195?
9
What is the ten millions digit of 494595724?
9
What is the thousands digit of 99331296?
1
What is the hundred millions digit of 437856762?
4
What is the millions digit of 12865531?
2
What is the ten millions digit of 2522149598?
2
What is the ten millions digit of 2727841164?
2
What is the hundreds digit of 574258257?
2
What is the ten millions digit of 59011336?
5
What is the units digit of 217655305?
5
What is the units digit of 3520321141?
1
What is the hundred thousands digit of 2748797?
7
What is the ten thousands digit of 3342540615?
4
What is the ten millions digit of 95283424?
9
What is the ten millions digit of 1179641467?
7
What is the tens digit of 3396563?
6
What is the hundred millions digit of 1368205772?
3
What is the hundreds digit of 85074318?
3
What is the hundred thousands digit of 91269697?
2
What is the ten thousands digit of 257199676?
9
What is the thousands digit of 1083628078?
8
What is the hundred thousands digit of 149622665?
6
What is the ten millions digit of 139358711?
3
What is the hundred thousands digit of 514815781?
8
What is the units digit of 20429060?
0
What is the tens digit of 734314050?
5
What is the millions digit of 115639320?
5
What is the ten millions digit of 56606194?
5
What is the ten thousands digit of 1216530844?
3
What is the hundred millions digit of 243948010?
2
What is the units digit of 882855657?
7
What is the ten thousands digit of 908833?
0
What is the hundred thousands digit of 47797318?
7
What is the hundreds digit of 30236869?
8
What is the thousands digit of 45609548?
9
What is the ten millions digit of 3616874683?
1
What is the millions digit of 29008271?
9
What is the hundred thousands digit of 228309581?
3
What is the hundred millions digit of 106569684?
1
What is the ten thousands digit of 1523049946?
4
What is the hundred millions digit of 116807497?
1
What is the millions digit of 202002387?
2
What is the thousands digit of 651435142?
5
What is the hundred millions digit of 475837585?
4
What is the thousands digit of 467018?
7
What is the hundred millions digit of 171252881?
1
What is the units digit of 151029241?
1
What is the hundreds digit of 1095896027?
0
What is the hundred millions digit of 2548251436?
5
What is the ten thousands digit of 1434427791?
2
What is the millions digit of 9397080?
9
What is the units digit of 3743311127?
7
What is the ten thousands digit of 48060874?
6
What is the millions digit of 376169043?
6
What is the hundred millions digit of 445850492?
4
What is the millions digit of 5358192089?
8
What is the ten millions digit of 765494423?
6
What is the billions digit of 1182343484?
1
What is the tens digit of 67069206?
0
What is the thousands digit of 168475346?
5
What is the hundreds digit of 813230245?
2
What is the thousands digit of 211665120?
5
What is the tens digit of 9174658306?
0
What is the thousands digit of 797331992?
1
What is the billions digit of 1421623110?
1
What is the hundred millions digit of 448622889?
4
What is the ten thousands digit of 24384124?
8
What is the ten millions digit of 28650657?
2
What is the ten thousands digit of 964014997?
1
What is the hundred millions digit of 684810710?
6
What is the thousands digit of 17569690?
9
What is the tens digit of 49221623?
2
What is the hundred thousands digit of 23985233?
9
What is the thousands digit of 6278663071?
3
What is the units digit of 3628608?
8
What is the millions digit of 70622781?
0
What is the thousands digit of 255395644?
5
What is the millions digit of 23361526?
3
What is the tens digit of 3996356253?
5
What is the ten thousands digit of 26748374?
4
What is the thousands digit of 205507623?
7
What is the units digit of 2941562698?
8
What is the hundred thousands digit of 9169529661?
5
What is the tens digit of 283651825?
2
What is the hundred thousands digit of 55361061?
3
What is the ten millions digit of 796269318?
9
What is the units digit of 84236256?
6
What is the units digit of 14961910?
0
What is the ten thousands digit of 1736131717?
3
What is the units digit of 79060409?
9
What is the thousands digit of 3518877027?
7
What is the thousands digit of 313438?
3
What is the ten millions digit of 2110332493?
1
What is the ten millions digit of 327698057?
2
What is the thousands digit of 6320174609?
4
What is the hundred thousands digit of 48938223?
9
What is the units digit of 535625371?
1
What is the hundred millions digit of 6995359809?
9
What is the hundred millions digit of 200661740?
2
What is the hundred thousands digit of 6003541801?
5
What is the thousands digit of 2339690192?
0
What is the tens digit of 1056982263?
6
What is the hundred thousands digit of 19260125?
2
What is the tens digit of 40816290?
9
What is the ten millions digit of 33743321?
3
What is the thousands digit of 1170570304?
0
What is the thousands digit of 485945168?
5
What is the ten millions digit of 793514358?
9
What is the ten millions digit of 4315137536?
1
What is the tens digit of 145845376?
7
What is the hundred thousands digit of 41406956?
4
What is the ten thousands digit of 89793427?
9
What is the thousands digit of 683906660?
6
What is the hundred thousands digit of 469380869?
3
What is the ten millions digit of 50277334?
5
What is the hundreds digit of 720815492?
4
What is the units digit of 1500691286?
6
What is the ten thousands digit of 1869226693?
2
What is the ten millions digit of 1609450837?
0
What is the billions digit of 1320677686?
1
What is the ten millions digit of 841940147?
4
What is the ten thousands digit of 8326942?
2
What is the ten thousands digit of 1878098144?
9
What is the ten thousands digit of 407923859?
2
What is the ten millions digit of 73906591?
7
What is the ten millions digit of 157939083?
5
What is the ten thousands digit of 1268137997?
3
What is the ten thousands digit of 380937230?
3
What is the units digit of 26176546?
6
What is the billions digit of 4005651389?
4
What is the tens digit of 5312857845?
4
What is the billions digit of 3554373089?
3
What is the hundred millions digit of 131577682?
1
What is the hundred thousands digit of 697600382?
6
What is the tens digit of 1183038130?
3
What is the millions digit of 57802223?
7
What is the hundred thousands digit of 4681161315?
1
What is the units digit of 1722733886?
6
What is the millions digit of 1026078690?
6
What is the thousands digit of 130604057?
4
What is the tens digit of 45658540?
4
What is the ten thousands digit of 211584664?
8
What is the hundred thousands digit of 102830698?
8
What is the hundred thousands digit of 3653130854?
1
What is the millions digit of 141483560?
1
What is the hundred thousands digit of 151884751?
8
What is the hundred thousands digit of 248959999?
9
What is the ten millions digit of 3283694788?
8
What is the hundred thousands digit of 5666750?
6
What is the billions digit of 2349415845?
2
What is the hundred millions digit of 404707795?
4
What is the units digit of 386026517?
7
What is the hundred thousands digit of 5186460696?
4
What is the ten millions digit of 10717366?
1
What is the hundred millions digit of 161003811?
1
What is the ten millions digit of 1930844993?
3
What is the millions digit of 78921468?
8
What is the hundred thousands digit of 441982926?
9
What is the thousands digit of 506861898?
1
What i